3*p, 0 = -4*p - 2*w - 20. What is the units digit of q/(-21)*(-6)/p?
1
Let b(g) = 3*g**2 - 12*g - 22. What is the hundreds digit of b(-6)?
1
Let q(j) = j**3 - 5*j**2 + 4*j - 4. Let s be q(4). Let m be ((-9)/6)/(s/8). Suppose 2*t + 6 = 2*d, 0 = -0*d - 3*d - m*t + 21. What is the units digit of d?
5
Let h(o) = -228*o - 374. What is the hundreds digit of h(-8)?
4
Let v(l) = -7*l**2 - 8*l + 12. Let t be v(-8). What is the units digit of ((-10)/(-15))/((-4)/t)?
2
Let l = -106 + 166. Suppose 0 = -23*h + 21*h + l. What is the units digit of h?
0
Let w(b) = -5 + 9*b + 5 + 4. Let s be w(-3). Let d = s - -33. What is the units digit of d?
0
What is the tens digit of (-15)/(-30) + 2054/4?
1
Let m be (-32)/(-5 - -3) + 3. Let o = m - 19. Suppose 2*q = -4*x + 7*q + 18, x - 5*q - 12 = o. What is the units digit of x?
2
Suppose -5*g + 9*g + 8 = 0. What is the tens digit of (g/(-4)*-1)/((-1)/218)?
0
Let g = -178 + 900. What is the tens digit of g?
2
Suppose -2*u = -y - 2370, -2*u + y + 4742 = 2*u. What is the hundreds digit of u?
1
Let b = 23 - 35. Let t be (-3)/6*(b - -2). Suppose -3*i + 3 = t*u - 36, -5*u = 0. What is the units digit of i?
3
Suppose 3*v - 10 = 2*r, 3*v = 2*v + 2*r + 2. Suppose 3*z - 441 = -v*g, g + 0*z + 2*z = 104. Let a = g + -75. What is the tens digit of a?
3
Let i(a) = -1045*a**3 - a**2 - 4*a - 3. What is the hundreds digit of i(-1)?
0
Let d(i) = -28*i. Let a = 80 + -86. What is the units digit of d(a)?
8
Suppose 2*o = -193 - 5. Let y = 13 - o. What is the units digit of y?
2
Let h(o) be the third derivative of -o**5/60 + o**4/3 - 5*o**3/6 - 12*o**2. Let z be h(7). Suppose z*q + q = 84. What is the units digit of q?
8
Suppose -3*i + 90 = 36. Let a = 22 - i. Suppose -4 = 2*r, 2*u + a*r - 5*r - 24 = 0. What is the tens digit of u?
1
Suppose 0 = 5*i + 3 - 18. Suppose -12 = -i*f - 3. Suppose x = -4*m - 8, 4*x - x - f*m - 51 = 0. What is the tens digit of x?
1
Let q(p) = -p**2 + 7*p - 8. Let i be q(4). Suppose -4*n - 4*w + 28 = 0, -i*n - 2*w + 23 = -n. What is the units digit of n?
9
Suppose -965*x - 1895 = -970*x. What is the units digit of x?
9
Suppose 2 = -q - z, 3*q - z + 8 = -2. What is the hundreds digit of -3*(-1 - q)/(28/(-994))?
2
What is the tens digit of 26338/52 + (-2)/4?
0
Let m be (-7)/(-14) + 7/2. Suppose 0 = 4*z + n - 56, m*z = z + 4*n + 42. Suppose -2*c + z + 6 = 0. What is the tens digit of c?
1
Let b = 119 + -80. Suppose -y = n - b, -2*n - 3*y + 5*y = -82. What is the units digit of n?
0
Suppose -4*o - o - 735 = 0. Suppose -407 - 113 = 5*l. Let x = l - o. What is the tens digit of x?
4
Let n = -26 + 745. Suppose -4*r + r - 2*b + n = 0, 3*b = 3*r - 714. What is the tens digit of r?
3
Let q(c) = -c**2 - 14*c - 10. Let h be q(-13). Suppose -h*t + 52 = 7. What is the tens digit of t?
1
Let n be (0 - 1/(-2))*4. Suppose 14 = n*c - 100. What is the tens digit of c?
5
Let t(o) = 18*o**2 + 14*o + 24. What is the units digit of t(9)?
8
Let b(a) = 2*a + 3. Let m = -41 + 73. Let s = m - 19. What is the units digit of b(s)?
9
Let o be (-10 + 28)*2/3. What is the tens digit of 406/o - 9/(-54)?
3
Let i = 1793 - 764. What is the units digit of i?
9
Suppose 8*a - 61 = 11. Let q(j) = j**3 - 7*j**2 - 3*j - 7. Let h be q(a). Suppose 24 = o + 2*s - 31, -h = -2*o + 2*s. What is the tens digit of o?
6
Let l be -753*(1 + -3) - -5. Suppose -2073 - l = -16*a. What is the hundreds digit of a?
2
Let p be (3 - -1)/(-4) - -71. Suppose 2*z - 2 - p = 0. What is the tens digit of z?
3
Let j(q) = q**3 - q + 3. Let x be j(0). Let d be 2*(x/6 - -2). Suppose d*r = 2*k + 23 - 90, 66 = k + 4*r. What is the tens digit of k?
4
Suppose 5*b - 77 = 4*b. What is the tens digit of b?
7
Let j = 14 + -13. Let a be ((-2)/(-6))/(j/12). Suppose 2*x - 8 = a*h - 70, -5*h + 2*x = -76. What is the tens digit of h?
1
Suppose -1669 = -11*h + 234. What is the tens digit of h?
7
Let n(d) = 35*d + 27. Let r be n(9). Suppose 3*l + 4*h = r, l - 6*l - 2*h + 570 = 0. What is the units digit of l?
4
Let f = 48 + -46. Suppose 2*h - 2*l = 97 + 3, 4*l = -f*h + 76. What is the units digit of h?
6
Let v be 3/(-3)*(-3 + 0). Let z = 35 - 2. Suppose -3*g - z = -v*a, 2*g = -4*a + 4*g + 44. What is the units digit of a?
1
Suppose -5*o = -2*z + 2049, -3*z - o - 1017 = -4*z. What is the tens digit of z?
1
Suppose 0 = 4*z + z + 60. Let q be (-2 - -2)*(-6)/z. Suppose 4*d + 4*i - 108 = 0, -4*d + q*i + 98 = -i. What is the tens digit of d?
2
Suppose -3*n + 237 = -423. What is the hundreds digit of (n - 2)*((0 - -5) + -4)?
2
Suppose 5*p + 5 = 15. Let u(n) = n**3 + 3*n**2 + 0 + 4*n**p - 2*n - 3 - 7. What is the units digit of u(-7)?
4
Let h = -17 - -47. Let u = h + 7. What is the units digit of u?
7
Let w(l) = 157*l + 256. What is the units digit of w(5)?
1
Let d = 4473 + -686. What is the units digit of d?
7
Let n be 65/(3/(-6)*2). Let p be -2 - -1*6 - n. Suppose 0 = -6*w + p + 63. What is the tens digit of w?
2
Let v = -229 - -361. Suppose 0*o - 2*o + 4 = 0. Suppose k + o*f - 44 = -2*f, v = 3*k + 5*f. What is the tens digit of k?
4
Suppose 0 = -2*w - 2*w - 12. Let s = -67 + w. Let r = -33 - s. What is the tens digit of r?
3
Let n(l) = -8*l - 2. Let y be n(-4). What is the units digit of ((-76)/10)/((-6)/y)?
8
Let y(l) = l**3 - 10*l**2 + 9*l + 8. Let a be y(9). Let o(n) = 17 + 4*n - a - 11. What is the units digit of o(7)?
6
What is the units digit of 161*11/(-22)*72/(-7)?
8
Let o = -20 - -13. Let k be 6*(-7)/(-84)*(-3 - 1). What is the units digit of (-5)/(-10)*o*k?
7
What is the units digit of 1433 - (-28 - -10) - (-4 - 1)?
6
Let s = 4930 - 1894. What is the hundreds digit of s?
0
Suppose -1 = -3*v - 0*v - w, 4*v = w - 1. Suppose v = -4*h + 4, 0*k = -4*k - 5*h - 331. What is the units digit of k/10*(1 + -6)?
2
Suppose 2*s = 4*b - 2190, -14*b + 5*s - 564 = -15*b. What is the hundreds digit of b?
5
What is the units digit of (-16)/(-96) - (-1727)/6?
8
Let a(m) = 3*m - 10. Let y(d) = -2*d + 5. Let r(k) = 3*a(k) + 5*y(k). Let q be r(-8). Suppose 8*l - 60 = q*l. What is the units digit of l?
2
Let c = -11 + 56. Suppose 3*v = -2*b - 0*v + c, -4*b + 45 = -3*v. What is the units digit of b?
5
Suppose 5*t + 5*g = -127 + 482, 3*t = 4*g + 248. What is the units digit of t?
6
Suppose 2*f - 2*q = -3*f + 1085, 3*f = q + 650. Let n = f + -30. What is the hundreds digit of n?
1
Suppose 21*h + 240 = 22*h. Suppose -9*b + 5*b = -h. What is the units digit of b?
0
Suppose 4*x = n + 12, -3*n = 8*x - 3*x - 32. Let i(s) = 9*s - 1. Let f be i(x). Let o = f + -23. What is the tens digit of o?
1
Let v = -150 + 155. Suppose 4*o + 150 = 2*x - 90, 0 = -v*x + 4*o + 588. What is the hundreds digit of x?
1
Let m = 270 + 439. What is the units digit of m?
9
Let f(x) = 2*x - 3*x - 11 + 6. Let j be f(-5). Suppose l - 24 = -z, j = -3*l + 5*z + 15 + 41. What is the tens digit of l?
2
Suppose -3*g + 4*g - 5 = 0. Suppose 3*x + g = 4*x + 5*p, 0 = -2*x - 3*p + 10. Suppose x*j - 56 = -1. What is the tens digit of j?
1
Suppose -5*b + 14 = -2*k, -12 = -2*b - 2*b + 2*k. Suppose -m + b*a = -117, 0 = -5*a + 5 + 5. What is the tens digit of m?
2
Suppose 0 = -8*w + 6896 + 1912. What is the tens digit of w?
0
Let h = -48212 - -34232. Let p be h/(-55) + (-4)/22. Suppose -5*k + p = 3*d, -5 = -3*d + 4. What is the units digit of k?
9
Let p(i) = 64*i - 170. What is the tens digit of p(15)?
9
Suppose 0*k + 4*k = -12. What is the units digit of (763/2)/7*2 - k?
2
Let t = -984 - -1705. What is the units digit of t?
1
Suppose 1896 = 86*b - 80*b. What is the units digit of b?
6
Let g(j) = -j**3 + 9*j**2 - 6*j - 13. Let w be g(8). Suppose d + w = 0, -6*d + 2*d - 321 = -3*p. What is the units digit of p?
3
Let k = -5 + 8. Let w(a) = a**3 - 2*a**2 - 1. Let s be w(k). Let x = -6 + s. What is the units digit of x?
2
Let d(x) = -x**2 - 4*x - 7. Let w be d(5). Let q(a) = -a**2 - 5*a. Let s be q(-5). What is the tens digit of w/(-2) - (s - -1)?
2
What is the hundreds digit of (-10)/(-35) - (-153)/(-21) - -4325?
3
Let p = 2987 + -1193. What is the hundreds digit of p?
7
Suppose 0 = 5*w - 0*w - 35. Suppose w*m = 10*m + 6. Let z = m + 8. What is the units digit of z?
6
Suppose 4*x - 5*x - b = -173, -2*x - 3*b + 343 = 0. What is the units digit of x?
6
Let k be (-43)/(-4) + 1/4. Suppose x - 3 - k = 0. What is the units digit of (-4)/x - (-60)/14?
4
Let w be 74/(-8)*4